{"id":622,"date":"2023-01-16T18:09:19","date_gmt":"2023-01-16T17:09:19","guid":{"rendered":"http:\/\/madeca.fr\/?page_id=622"},"modified":"2023-01-18T17:15:13","modified_gmt":"2023-01-18T16:15:13","slug":"contact-2","status":"publish","type":"page","link":"https:\/\/www.dev.madeca.fr\/index.php\/contact-2\/","title":{"rendered":"Contact"},"content":{"rendered":"\n<div class=\"wp-block-cover alignfull is-light\"><span aria-hidden=\"true\" class=\"wp-block-cover__background has-neve-link-hover-color-background-color has-background-dim\"><\/span><img decoding=\"async\" width=\"6912\" height=\"3456\" class=\"wp-block-cover__image-background wp-image-654\" alt=\"\" src=\"http:\/\/madeca.fr\/wp-content\/uploads\/2023\/01\/Degrade-rose-orange-et-nom.png\" data-object-fit=\"cover\" srcset=\"https:\/\/www.dev.madeca.fr\/wp-content\/uploads\/2023\/01\/Degrade-rose-orange-et-nom.png 6912w, https:\/\/www.dev.madeca.fr\/wp-content\/uploads\/2023\/01\/Degrade-rose-orange-et-nom-300x150.png 300w, https:\/\/www.dev.madeca.fr\/wp-content\/uploads\/2023\/01\/Degrade-rose-orange-et-nom-1024x512.png 1024w, https:\/\/www.dev.madeca.fr\/wp-content\/uploads\/2023\/01\/Degrade-rose-orange-et-nom-768x384.png 768w, https:\/\/www.dev.madeca.fr\/wp-content\/uploads\/2023\/01\/Degrade-rose-orange-et-nom-1536x768.png 1536w, https:\/\/www.dev.madeca.fr\/wp-content\/uploads\/2023\/01\/Degrade-rose-orange-et-nom-2048x1024.png 2048w\" sizes=\"(max-width: 6912px) 100vw, 6912px\" \/><div class=\"wp-block-cover__inner-container is-layout-flow wp-block-cover-is-layout-flow\">\n<p class=\"has-text-align-center has-nv-c-1-color has-text-color has-x-large-font-size\"><\/p>\n<\/div><\/div>\n\n\n\n<div style=\"height:100px\" aria-hidden=\"true\" class=\"wp-block-spacer\"><\/div>\n\n\n\n<h2 class=\"has-text-align-center wp-block-heading\">Contactez-nous ! <\/h2>\n\n\n\n<p><em>Ou envoyez nous un mail \u00e0 l&rsquo;adresse contact@madeca.fr <\/em><\/p>\n\n\n<div class=\"wpforms-container wpforms-container-full\" id=\"wpforms-618\"><form id=\"wpforms-form-618\" class=\"wpforms-validate wpforms-form wpforms-ajax-form\" data-formid=\"618\" method=\"post\" enctype=\"multipart\/form-data\" action=\"\/index.php\/wp-json\/wp\/v2\/pages\/622\" data-token=\"6a1a474f51a1dfb406c8603d70b27b64\"><noscript class=\"wpforms-error-noscript\">Veuillez activer JavaScript dans votre navigateur pour remplir ce formulaire.<\/noscript><div class=\"wpforms-field-container\"><div id=\"wpforms-618-field_1-container\" class=\"wpforms-field wpforms-field-checkbox\" data-field-id=\"1\"><label class=\"wpforms-field-label\" for=\"wpforms-618-field_1\">Civilit\u00e9 <span class=\"wpforms-required-label\">*<\/span><\/label><ul id=\"wpforms-618-field_1\" class=\"wpforms-field-required\"><li class=\"choice-1 depth-1\"><input type=\"checkbox\" id=\"wpforms-618-field_1_1\" name=\"wpforms[fields][1][]\" value=\"Mme\" required ><label class=\"wpforms-field-label-inline\" for=\"wpforms-618-field_1_1\">Mme<\/label><\/li><li class=\"choice-5 depth-1\"><input type=\"checkbox\" id=\"wpforms-618-field_1_5\" name=\"wpforms[fields][1][]\" value=\"Mr\" required ><label class=\"wpforms-field-label-inline\" for=\"wpforms-618-field_1_5\">Mr<\/label><\/li><\/ul><\/div><div id=\"wpforms-618-field_2-container\" class=\"wpforms-field wpforms-field-name\" data-field-id=\"2\"><label class=\"wpforms-field-label\" for=\"wpforms-618-field_2\">Nom <span class=\"wpforms-required-label\">*<\/span><\/label><div class=\"wpforms-field-row wpforms-field-medium\"><div class=\"wpforms-field-row-block wpforms-first wpforms-one-half\"><input type=\"text\" id=\"wpforms-618-field_2\" class=\"wpforms-field-name-first wpforms-field-required\" name=\"wpforms[fields][2][first]\" required><label for=\"wpforms-618-field_2\" class=\"wpforms-field-sublabel after \">Pr\u00e9nom<\/label><\/div><div class=\"wpforms-field-row-block wpforms-one-half\"><input type=\"text\" id=\"wpforms-618-field_2-last\" class=\"wpforms-field-name-last wpforms-field-required\" name=\"wpforms[fields][2][last]\" required><label for=\"wpforms-618-field_2-last\" class=\"wpforms-field-sublabel after \">Nom<\/label><\/div><\/div><\/div><div id=\"wpforms-618-field_3-container\" class=\"wpforms-field wpforms-field-number\" data-field-id=\"3\"><label class=\"wpforms-field-label\" for=\"wpforms-618-field_3\">T\u00e9l\u00e9phone <span class=\"wpforms-required-label\">*<\/span><\/label><input type=\"number\" pattern=\"\\d*\" id=\"wpforms-618-field_3\" class=\"wpforms-field-medium wpforms-field-required\" name=\"wpforms[fields][3]\" required><\/div><div id=\"wpforms-618-field_4-container\" class=\"wpforms-field wpforms-field-email\" data-field-id=\"4\"><label class=\"wpforms-field-label\" for=\"wpforms-618-field_4\">E-mail <span class=\"wpforms-required-label\">*<\/span><\/label><input type=\"email\" id=\"wpforms-618-field_4\" class=\"wpforms-field-medium wpforms-field-required\" name=\"wpforms[fields][4]\" required><\/div><div id=\"wpforms-618-field_5-container\" class=\"wpforms-field wpforms-field-textarea\" data-field-id=\"5\"><label class=\"wpforms-field-label\" for=\"wpforms-618-field_5\">Message <span class=\"wpforms-required-label\">*<\/span><\/label><textarea id=\"wpforms-618-field_5\" class=\"wpforms-field-medium wpforms-field-required\" name=\"wpforms[fields][5]\" required><\/textarea><\/div><div id=\"wpforms-618-field_6-container\" class=\"wpforms-field wpforms-field-checkbox\" data-field-id=\"6\"><label class=\"wpforms-field-label\" for=\"wpforms-618-field_6\">Politique de confidentialit\u00e9 <span class=\"wpforms-required-label\">*<\/span><\/label><ul id=\"wpforms-618-field_6\" class=\"wpforms-field-required\"><li class=\"choice-1 depth-1\"><input type=\"checkbox\" id=\"wpforms-618-field_6_1\" name=\"wpforms[fields][6][]\" value=\"J&#039;autorise Madeca \u00e0 conserver mes donn\u00e9es personnelles afin d&#039;\u00eatre recontact\u00e9 pour de nouvelles opportunit\u00e9s. Plus d&#039;informations sur vos droits dans notre politique de confidentialit\u00e9.\" required ><label class=\"wpforms-field-label-inline\" for=\"wpforms-618-field_6_1\">J'autorise Madeca \u00e0 conserver mes donn\u00e9es personnelles afin d'\u00eatre recontact\u00e9 pour de nouvelles opportunit\u00e9s. Plus d'informations sur vos droits dans notre politique de confidentialit\u00e9.<\/label><\/li><\/ul><\/div><\/div><div class=\"wpforms-submit-container\"><input type=\"hidden\" name=\"wpforms[id]\" value=\"618\"><input type=\"hidden\" name=\"wpforms[author]\" value=\"1\"><button type=\"submit\" name=\"wpforms[submit]\" id=\"wpforms-submit-618\" class=\"wpforms-submit\" data-alt-text=\"Envoi...\" data-submit-text=\"Envoyer\" aria-live=\"assertive\" value=\"wpforms-submit\">Envoyer<\/button><img decoding=\"async\" src=\"https:\/\/www.dev.madeca.fr\/wp-content\/plugins\/wpforms-lite\/assets\/images\/submit-spin.svg\" class=\"wpforms-submit-spinner\" style=\"display: none;\" width=\"26\" height=\"26\" alt=\"Chargement en cours\"><\/div><\/form><\/div>  <!-- .wpforms-container -->\n\n\n<div style=\"height:100px\" aria-hidden=\"true\" class=\"wp-block-spacer\"><\/div>\n\n\n\n<h2 class=\"has-text-align-center has-neve-link-color-color has-text-color wp-block-heading\">Rejoignez notre r\u00e9seau  !<\/h2>\n\n\n<div class=\"wp-block-image\">\n<figure class=\"aligncenter size-large is-resized\"><a href=\"https:\/\/www.linkedin.com\/company\/madeca-conseil\/\" target=\"_blank\" rel=\"noreferrer noopener\"><img decoding=\"async\" src=\"http:\/\/madeca.fr\/wp-content\/uploads\/2023\/01\/Linkedin-logo-1024x576.png\" alt=\"\" class=\"wp-image-651\" width=\"88\" height=\"49\" srcset=\"https:\/\/www.dev.madeca.fr\/wp-content\/uploads\/2023\/01\/Linkedin-logo-1024x576.png 1024w, https:\/\/www.dev.madeca.fr\/wp-content\/uploads\/2023\/01\/Linkedin-logo-300x169.png 300w, https:\/\/www.dev.madeca.fr\/wp-content\/uploads\/2023\/01\/Linkedin-logo-768x432.png 768w, https:\/\/www.dev.madeca.fr\/wp-content\/uploads\/2023\/01\/Linkedin-logo-1536x864.png 1536w, https:\/\/www.dev.madeca.fr\/wp-content\/uploads\/2023\/01\/Linkedin-logo-2048x1152.png 2048w\" sizes=\"(max-width: 88px) 100vw, 88px\" \/><\/a><\/figure>\n<\/div>\n\n\n<div style=\"height:100px\" aria-hidden=\"true\" class=\"wp-block-spacer\"><\/div>\n","protected":false},"excerpt":{"rendered":"<p>Contactez-nous ! Ou envoyez nous un mail \u00e0 l&rsquo;adresse contact@madeca.fr Rejoignez notre r\u00e9seau !<\/p>\n","protected":false},"author":1,"featured_media":0,"parent":0,"menu_order":0,"comment_status":"closed","ping_status":"closed","template":"","meta":{"neve_meta_sidebar":"","neve_meta_container":"","neve_meta_enable_content_width":"","neve_meta_content_width":0,"neve_meta_title_alignment":"","neve_meta_author_avatar":"","neve_post_elements_order":"","neve_meta_disable_header":"","neve_meta_disable_footer":"","neve_meta_disable_title":"on","footnotes":""},"class_list":["post-622","page","type-page","status-publish","hentry"],"yoast_head":"<!-- This site is optimized with the Yoast SEO plugin v19.14 - https:\/\/yoast.com\/wordpress\/plugins\/seo\/ -->\n<title>Contact - Madeca<\/title>\n<meta name=\"robots\" content=\"index, follow, max-snippet:-1, max-image-preview:large, max-video-preview:-1\" \/>\n<link rel=\"canonical\" href=\"https:\/\/www.dev.madeca.fr\/index.php\/contact-2\/\" \/>\n<meta property=\"og:locale\" content=\"fr_FR\" \/>\n<meta property=\"og:type\" content=\"article\" \/>\n<meta property=\"og:title\" content=\"Contact - Madeca\" \/>\n<meta property=\"og:description\" content=\"Contactez-nous ! Ou envoyez nous un mail \u00e0 l&rsquo;adresse contact@madeca.fr Rejoignez notre r\u00e9seau !\" \/>\n<meta property=\"og:url\" content=\"https:\/\/www.dev.madeca.fr\/index.php\/contact-2\/\" \/>\n<meta property=\"og:site_name\" content=\"Madeca\" \/>\n<meta property=\"article:modified_time\" content=\"2023-01-18T16:15:13+00:00\" \/>\n<meta property=\"og:image\" content=\"http:\/\/madeca.fr\/wp-content\/uploads\/2023\/01\/Degrade-rose-orange-et-nom.png\" \/>\n<meta name=\"twitter:card\" content=\"summary_large_image\" \/>\n<script type=\"application\/ld+json\" class=\"yoast-schema-graph\">{\"@context\":\"https:\/\/schema.org\",\"@graph\":[{\"@type\":\"WebPage\",\"@id\":\"https:\/\/www.dev.madeca.fr\/index.php\/contact-2\/\",\"url\":\"https:\/\/www.dev.madeca.fr\/index.php\/contact-2\/\",\"name\":\"Contact - Madeca\",\"isPartOf\":{\"@id\":\"http:\/\/www.dev.madeca.fr\/#website\"},\"datePublished\":\"2023-01-16T17:09:19+00:00\",\"dateModified\":\"2023-01-18T16:15:13+00:00\",\"breadcrumb\":{\"@id\":\"https:\/\/www.dev.madeca.fr\/index.php\/contact-2\/#breadcrumb\"},\"inLanguage\":\"fr-FR\",\"potentialAction\":[{\"@type\":\"ReadAction\",\"target\":[\"https:\/\/www.dev.madeca.fr\/index.php\/contact-2\/\"]}]},{\"@type\":\"BreadcrumbList\",\"@id\":\"https:\/\/www.dev.madeca.fr\/index.php\/contact-2\/#breadcrumb\",\"itemListElement\":[{\"@type\":\"ListItem\",\"position\":1,\"name\":\"Accueil\",\"item\":\"http:\/\/www.dev.madeca.fr\/\"},{\"@type\":\"ListItem\",\"position\":2,\"name\":\"Contact\"}]},{\"@type\":\"WebSite\",\"@id\":\"http:\/\/www.dev.madeca.fr\/#website\",\"url\":\"http:\/\/www.dev.madeca.fr\/\",\"name\":\"Madeca\",\"description\":\"\",\"publisher\":{\"@id\":\"http:\/\/www.dev.madeca.fr\/#organization\"},\"potentialAction\":[{\"@type\":\"SearchAction\",\"target\":{\"@type\":\"EntryPoint\",\"urlTemplate\":\"http:\/\/www.dev.madeca.fr\/?s={search_term_string}\"},\"query-input\":\"required name=search_term_string\"}],\"inLanguage\":\"fr-FR\"},{\"@type\":\"Organization\",\"@id\":\"http:\/\/www.dev.madeca.fr\/#organization\",\"name\":\"Madeca\",\"url\":\"http:\/\/www.dev.madeca.fr\/\",\"logo\":{\"@type\":\"ImageObject\",\"inLanguage\":\"fr-FR\",\"@id\":\"http:\/\/www.dev.madeca.fr\/#\/schema\/logo\/image\/\",\"url\":\"http:\/\/madeca.fr\/wp-content\/uploads\/2023\/01\/madeca_logo_jpg_preview_high_res_a1-1-scaled.jpg\",\"contentUrl\":\"http:\/\/madeca.fr\/wp-content\/uploads\/2023\/01\/madeca_logo_jpg_preview_high_res_a1-1-scaled.jpg\",\"width\":2560,\"height\":1792,\"caption\":\"Madeca\"},\"image\":{\"@id\":\"http:\/\/www.dev.madeca.fr\/#\/schema\/logo\/image\/\"},\"sameAs\":[\"https:\/\/www.linkedin.com\/company\/madeca-conseil\/\"]}]}<\/script>\n<!-- \/ Yoast SEO plugin. -->","yoast_head_json":{"title":"Contact - Madeca","robots":{"index":"index","follow":"follow","max-snippet":"max-snippet:-1","max-image-preview":"max-image-preview:large","max-video-preview":"max-video-preview:-1"},"canonical":"https:\/\/www.dev.madeca.fr\/index.php\/contact-2\/","og_locale":"fr_FR","og_type":"article","og_title":"Contact - Madeca","og_description":"Contactez-nous ! Ou envoyez nous un mail \u00e0 l&rsquo;adresse contact@madeca.fr Rejoignez notre r\u00e9seau !","og_url":"https:\/\/www.dev.madeca.fr\/index.php\/contact-2\/","og_site_name":"Madeca","article_modified_time":"2023-01-18T16:15:13+00:00","og_image":[{"url":"http:\/\/madeca.fr\/wp-content\/uploads\/2023\/01\/Degrade-rose-orange-et-nom.png"}],"twitter_card":"summary_large_image","schema":{"@context":"https:\/\/schema.org","@graph":[{"@type":"WebPage","@id":"https:\/\/www.dev.madeca.fr\/index.php\/contact-2\/","url":"https:\/\/www.dev.madeca.fr\/index.php\/contact-2\/","name":"Contact - Madeca","isPartOf":{"@id":"http:\/\/www.dev.madeca.fr\/#website"},"datePublished":"2023-01-16T17:09:19+00:00","dateModified":"2023-01-18T16:15:13+00:00","breadcrumb":{"@id":"https:\/\/www.dev.madeca.fr\/index.php\/contact-2\/#breadcrumb"},"inLanguage":"fr-FR","potentialAction":[{"@type":"ReadAction","target":["https:\/\/www.dev.madeca.fr\/index.php\/contact-2\/"]}]},{"@type":"BreadcrumbList","@id":"https:\/\/www.dev.madeca.fr\/index.php\/contact-2\/#breadcrumb","itemListElement":[{"@type":"ListItem","position":1,"name":"Accueil","item":"http:\/\/www.dev.madeca.fr\/"},{"@type":"ListItem","position":2,"name":"Contact"}]},{"@type":"WebSite","@id":"http:\/\/www.dev.madeca.fr\/#website","url":"http:\/\/www.dev.madeca.fr\/","name":"Madeca","description":"","publisher":{"@id":"http:\/\/www.dev.madeca.fr\/#organization"},"potentialAction":[{"@type":"SearchAction","target":{"@type":"EntryPoint","urlTemplate":"http:\/\/www.dev.madeca.fr\/?s={search_term_string}"},"query-input":"required name=search_term_string"}],"inLanguage":"fr-FR"},{"@type":"Organization","@id":"http:\/\/www.dev.madeca.fr\/#organization","name":"Madeca","url":"http:\/\/www.dev.madeca.fr\/","logo":{"@type":"ImageObject","inLanguage":"fr-FR","@id":"http:\/\/www.dev.madeca.fr\/#\/schema\/logo\/image\/","url":"http:\/\/madeca.fr\/wp-content\/uploads\/2023\/01\/madeca_logo_jpg_preview_high_res_a1-1-scaled.jpg","contentUrl":"http:\/\/madeca.fr\/wp-content\/uploads\/2023\/01\/madeca_logo_jpg_preview_high_res_a1-1-scaled.jpg","width":2560,"height":1792,"caption":"Madeca"},"image":{"@id":"http:\/\/www.dev.madeca.fr\/#\/schema\/logo\/image\/"},"sameAs":["https:\/\/www.linkedin.com\/company\/madeca-conseil\/"]}]}},"_links":{"self":[{"href":"https:\/\/www.dev.madeca.fr\/index.php\/wp-json\/wp\/v2\/pages\/622","targetHints":{"allow":["GET"]}}],"collection":[{"href":"https:\/\/www.dev.madeca.fr\/index.php\/wp-json\/wp\/v2\/pages"}],"about":[{"href":"https:\/\/www.dev.madeca.fr\/index.php\/wp-json\/wp\/v2\/types\/page"}],"author":[{"embeddable":true,"href":"https:\/\/www.dev.madeca.fr\/index.php\/wp-json\/wp\/v2\/users\/1"}],"replies":[{"embeddable":true,"href":"https:\/\/www.dev.madeca.fr\/index.php\/wp-json\/wp\/v2\/comments?post=622"}],"version-history":[{"count":9,"href":"https:\/\/www.dev.madeca.fr\/index.php\/wp-json\/wp\/v2\/pages\/622\/revisions"}],"predecessor-version":[{"id":675,"href":"https:\/\/www.dev.madeca.fr\/index.php\/wp-json\/wp\/v2\/pages\/622\/revisions\/675"}],"wp:attachment":[{"href":"https:\/\/www.dev.madeca.fr\/index.php\/wp-json\/wp\/v2\/media?parent=622"}],"curies":[{"name":"wp","href":"https:\/\/api.w.org\/{rel}","templated":true}]}}