{"id":450,"date":"2023-01-13T15:16:41","date_gmt":"2023-01-13T14:16:41","guid":{"rendered":"http:\/\/madeca.fr\/?page_id=450"},"modified":"2023-01-18T18:21:20","modified_gmt":"2023-01-18T17:21:20","slug":"candidatures-spontanees","status":"publish","type":"page","link":"https:\/\/www.dev.madeca.fr\/index.php\/candidatures-spontanees\/","title":{"rendered":"Rejoignez la Madequipe"},"content":{"rendered":"\n<div class=\"wp-block-cover alignfull is-light\"><span aria-hidden=\"true\" class=\"wp-block-cover__background has-neve-link-hover-color-background-color has-background-dim-20 has-background-dim\"><\/span><img decoding=\"async\" width=\"1920\" height=\"1185\" class=\"wp-block-cover__image-background wp-image-139\" alt=\"\" src=\"http:\/\/madeca.fr\/wp-content\/uploads\/2023\/01\/friendship-gc163b9204_1920.jpg\" style=\"object-position:31% 7%\" data-object-fit=\"cover\" data-object-position=\"31% 7%\" srcset=\"https:\/\/www.dev.madeca.fr\/wp-content\/uploads\/2023\/01\/friendship-gc163b9204_1920.jpg 1920w, https:\/\/www.dev.madeca.fr\/wp-content\/uploads\/2023\/01\/friendship-gc163b9204_1920-300x185.jpg 300w, https:\/\/www.dev.madeca.fr\/wp-content\/uploads\/2023\/01\/friendship-gc163b9204_1920-1024x632.jpg 1024w, https:\/\/www.dev.madeca.fr\/wp-content\/uploads\/2023\/01\/friendship-gc163b9204_1920-768x474.jpg 768w, https:\/\/www.dev.madeca.fr\/wp-content\/uploads\/2023\/01\/friendship-gc163b9204_1920-1536x948.jpg 1536w\" sizes=\"(max-width: 1920px) 100vw, 1920px\" \/><div class=\"wp-block-cover__inner-container is-layout-flow wp-block-cover-is-layout-flow\">\n<p class=\"has-text-align-center has-nv-site-bg-color has-text-color\" style=\"font-size:65px\"><strong>Rejoignez l&rsquo;\u00e9quipe ! <\/strong><\/p>\n<\/div><\/div>\n\n\n\n<div style=\"height:100px\" aria-hidden=\"true\" class=\"wp-block-spacer\"><\/div>\n\n\n\n<h4 class=\"has-text-align-center wp-block-heading\">Candidature libre<\/h4>\n\n\n\n<p class=\"has-text-align-center has-medium-font-size\">ou envoyez-nous votre CV \u00e0 recrutement@madeca.fr<\/p>\n\n\n\n<figure class=\"wp-block-pullquote has-small-font-size\"><blockquote><p><br>Vos <strong>qualit\u00e9s humaines<\/strong> sont aussi importantes que vos <strong>comp\u00e9tences techniques<\/strong> pour nous. Nous souhaitons vous accompagner dans la d\u00e9couverte de nouveaux m\u00e9tiers, afin de faire \u00e9voluer vos carri\u00e8res ensemble.<br>Nous sommes continuellement \u00e0 la recherche de nouveaux talents pour rejoindre l&rsquo;\u00e9quipe Madeca, alors n&rsquo;h\u00e9sitez plus, <strong>postulez !<\/strong><\/p><\/blockquote><\/figure>\n\n\n<div class=\"wpforms-container wpforms-container-full\" id=\"wpforms-447\"><form id=\"wpforms-form-447\" class=\"wpforms-validate wpforms-form wpforms-ajax-form\" data-formid=\"447\" method=\"post\" enctype=\"multipart\/form-data\" action=\"\/index.php\/wp-json\/wp\/v2\/pages\/450\" data-token=\"c990ab330d6c49c3c5f13a9d9d738838\"><noscript class=\"wpforms-error-noscript\">Veuillez activer JavaScript dans votre navigateur pour remplir ce formulaire.<\/noscript><div class=\"wpforms-field-container\"><div id=\"wpforms-447-field_1-container\" class=\"wpforms-field wpforms-field-checkbox\" data-field-id=\"1\"><label class=\"wpforms-field-label\" for=\"wpforms-447-field_1\">Civilit\u00e9 <span class=\"wpforms-required-label\">*<\/span><\/label><ul id=\"wpforms-447-field_1\" class=\"wpforms-field-required\"><li class=\"choice-1 depth-1\"><input type=\"checkbox\" id=\"wpforms-447-field_1_1\" name=\"wpforms[fields][1][]\" value=\"Mme\" required ><label class=\"wpforms-field-label-inline\" for=\"wpforms-447-field_1_1\">Mme<\/label><\/li><li class=\"choice-2 depth-1\"><input type=\"checkbox\" id=\"wpforms-447-field_1_2\" name=\"wpforms[fields][1][]\" value=\"Mr\" required ><label class=\"wpforms-field-label-inline\" for=\"wpforms-447-field_1_2\">Mr<\/label><\/li><\/ul><\/div><div id=\"wpforms-447-field_3-container\" class=\"wpforms-field wpforms-field-name\" data-field-id=\"3\"><label class=\"wpforms-field-label\" for=\"wpforms-447-field_3\">Nom <span class=\"wpforms-required-label\">*<\/span><\/label><div class=\"wpforms-field-row wpforms-field-medium\"><div class=\"wpforms-field-row-block wpforms-first wpforms-one-half\"><input type=\"text\" id=\"wpforms-447-field_3\" class=\"wpforms-field-name-first wpforms-field-required\" name=\"wpforms[fields][3][first]\" required><label for=\"wpforms-447-field_3\" class=\"wpforms-field-sublabel after \">Pr\u00e9nom<\/label><\/div><div class=\"wpforms-field-row-block wpforms-one-half\"><input type=\"text\" id=\"wpforms-447-field_3-last\" class=\"wpforms-field-name-last wpforms-field-required\" name=\"wpforms[fields][3][last]\" required><label for=\"wpforms-447-field_3-last\" class=\"wpforms-field-sublabel after \">Nom<\/label><\/div><\/div><\/div><div id=\"wpforms-447-field_4-container\" class=\"wpforms-field wpforms-field-email\" data-field-id=\"4\"><label class=\"wpforms-field-label\" for=\"wpforms-447-field_4\">E-mail <span class=\"wpforms-required-label\">*<\/span><\/label><input type=\"email\" id=\"wpforms-447-field_4\" class=\"wpforms-field-medium wpforms-field-required\" name=\"wpforms[fields][4]\" required><\/div><div id=\"wpforms-447-field_5-container\" class=\"wpforms-field wpforms-field-number\" data-field-id=\"5\"><label class=\"wpforms-field-label\" for=\"wpforms-447-field_5\">T\u00e9l\u00e9phone <span class=\"wpforms-required-label\">*<\/span><\/label><input type=\"number\" pattern=\"\\d*\" id=\"wpforms-447-field_5\" class=\"wpforms-field-medium wpforms-field-required\" name=\"wpforms[fields][5]\" required><\/div><div id=\"wpforms-447-field_8-container\" class=\"wpforms-field wpforms-field-text\" data-field-id=\"8\"><label class=\"wpforms-field-label\" for=\"wpforms-447-field_8\">Profil Linkedin<\/label><input type=\"text\" id=\"wpforms-447-field_8\" class=\"wpforms-field-medium\" name=\"wpforms[fields][8]\" ><\/div><div id=\"wpforms-447-field_9-container\" class=\"wpforms-field wpforms-field-text\" data-field-id=\"9\"><label class=\"wpforms-field-label\" for=\"wpforms-447-field_9\">Poste Recherch\u00e9<\/label><input type=\"text\" id=\"wpforms-447-field_9\" class=\"wpforms-field-large\" name=\"wpforms[fields][9]\" ><\/div><div id=\"wpforms-447-field_11-container\" class=\"wpforms-field wpforms-field-textarea\" data-field-id=\"11\"><label class=\"wpforms-field-label\" for=\"wpforms-447-field_11\">Message<\/label><textarea id=\"wpforms-447-field_11\" class=\"wpforms-field-medium\" name=\"wpforms[fields][11]\" ><\/textarea><\/div><div id=\"wpforms-447-field_10-container\" class=\"wpforms-field wpforms-field-checkbox\" data-field-id=\"10\"><label class=\"wpforms-field-label\" for=\"wpforms-447-field_10\">Politique de confidentialit\u00e9 <span class=\"wpforms-required-label\">*<\/span><\/label><ul id=\"wpforms-447-field_10\" class=\"wpforms-field-required\"><li class=\"choice-1 depth-1\"><input type=\"checkbox\" id=\"wpforms-447-field_10_1\" name=\"wpforms[fields][10][]\" value=\"J&#039;autorise Madeca \u00e0 conserver mes donn\u00e9es personnelles afin d&#039;\u00eatre recontact\u00e9 pour de nouvelles opportunit\u00e9s.. Plus d&#039;informations sur vos droits dans notre politique de confidentialit\u00e9.\" required ><label class=\"wpforms-field-label-inline\" for=\"wpforms-447-field_10_1\">J'autorise Madeca \u00e0 conserver mes donn\u00e9es personnelles afin d'\u00eatre recontact\u00e9 pour de nouvelles opportunit\u00e9s.. Plus d'informations sur vos droits dans notre politique de confidentialit\u00e9.<\/label><\/li><\/ul><\/div><\/div><div class=\"wpforms-submit-container\"><input type=\"hidden\" name=\"wpforms[id]\" value=\"447\"><input type=\"hidden\" name=\"wpforms[author]\" value=\"1\"><button type=\"submit\" name=\"wpforms[submit]\" id=\"wpforms-submit-447\" class=\"wpforms-submit\" data-alt-text=\"Envoi...\" data-submit-text=\"Envoyer\" aria-live=\"assertive\" value=\"wpforms-submit\">Envoyer<\/button><img decoding=\"async\" src=\"https:\/\/www.dev.madeca.fr\/wp-content\/plugins\/wpforms-lite\/assets\/images\/submit-spin.svg\" class=\"wpforms-submit-spinner\" style=\"display: none;\" width=\"26\" height=\"26\" alt=\"Chargement en cours\"><\/div><\/form><\/div>  <!-- .wpforms-container -->\n\n\n<div style=\"height:100px\" aria-hidden=\"true\" class=\"wp-block-spacer\"><\/div>\n\n\n\n<div class=\"wp-block-buttons is-content-justification-center is-layout-flex wp-container-core-buttons-is-layout-16018d1d wp-block-buttons-is-layout-flex\">\n<div class=\"wp-block-button is-style-primary\"><a class=\"wp-block-button__link wp-element-button\" href=\"http:\/\/madeca.fr\/index.php\/notre-projet\/\">Notre Projet<\/a><\/div>\n<\/div>\n\n\n\n<div style=\"height:100px\" aria-hidden=\"true\" class=\"wp-block-spacer\"><\/div>\n","protected":false},"excerpt":{"rendered":"<p>Candidature libre ou envoyez-nous votre CV \u00e0 recrutement@madeca.fr Vos qualit\u00e9s humaines sont aussi importantes que vos comp\u00e9tences techniques pour nous. Nous souhaitons vous accompagner dans la d\u00e9couverte de nouveaux m\u00e9tiers, afin de faire \u00e9voluer vos carri\u00e8res ensemble.Nous sommes continuellement \u00e0 la recherche de nouveaux talents pour rejoindre l&rsquo;\u00e9quipe Madeca, alors n&rsquo;h\u00e9sitez plus, postulez !<\/p>\n","protected":false},"author":1,"featured_media":0,"parent":0,"menu_order":0,"comment_status":"closed","ping_status":"closed","template":"","meta":{"neve_meta_sidebar":"","neve_meta_container":"","neve_meta_enable_content_width":"","neve_meta_content_width":0,"neve_meta_title_alignment":"","neve_meta_author_avatar":"","neve_post_elements_order":"","neve_meta_disable_header":"","neve_meta_disable_footer":"","neve_meta_disable_title":"on","footnotes":""},"class_list":["post-450","page","type-page","status-publish","hentry"],"yoast_head":"<!-- This site is optimized with the Yoast SEO plugin v19.14 - https:\/\/yoast.com\/wordpress\/plugins\/seo\/ -->\n<title>Rejoignez la Madequipe - Madeca<\/title>\n<meta name=\"robots\" content=\"index, follow, max-snippet:-1, max-image-preview:large, max-video-preview:-1\" \/>\n<link rel=\"canonical\" href=\"https:\/\/www.dev.madeca.fr\/index.php\/candidatures-spontanees\/\" \/>\n<meta property=\"og:locale\" content=\"fr_FR\" \/>\n<meta property=\"og:type\" content=\"article\" \/>\n<meta property=\"og:title\" content=\"Rejoignez la Madequipe - Madeca\" \/>\n<meta property=\"og:description\" content=\"Candidature libre ou envoyez-nous votre CV \u00e0 recrutement@madeca.fr Vos qualit\u00e9s humaines sont aussi importantes que vos comp\u00e9tences techniques pour nous. Nous souhaitons vous accompagner dans la d\u00e9couverte de nouveaux m\u00e9tiers, afin de faire \u00e9voluer vos carri\u00e8res ensemble.Nous sommes continuellement \u00e0 la recherche de nouveaux talents pour rejoindre l&rsquo;\u00e9quipe Madeca, alors n&rsquo;h\u00e9sitez plus, postulez !\" \/>\n<meta property=\"og:url\" content=\"https:\/\/www.dev.madeca.fr\/index.php\/candidatures-spontanees\/\" \/>\n<meta property=\"og:site_name\" content=\"Madeca\" \/>\n<meta property=\"article:modified_time\" content=\"2023-01-18T17:21:20+00:00\" \/>\n<meta property=\"og:image\" content=\"http:\/\/madeca.fr\/wp-content\/uploads\/2023\/01\/friendship-gc163b9204_1920.jpg\" \/>\n<meta name=\"twitter:card\" content=\"summary_large_image\" \/>\n<script type=\"application\/ld+json\" class=\"yoast-schema-graph\">{\"@context\":\"https:\/\/schema.org\",\"@graph\":[{\"@type\":\"WebPage\",\"@id\":\"https:\/\/www.dev.madeca.fr\/index.php\/candidatures-spontanees\/\",\"url\":\"https:\/\/www.dev.madeca.fr\/index.php\/candidatures-spontanees\/\",\"name\":\"Rejoignez la Madequipe - Madeca\",\"isPartOf\":{\"@id\":\"http:\/\/www.dev.madeca.fr\/#website\"},\"datePublished\":\"2023-01-13T14:16:41+00:00\",\"dateModified\":\"2023-01-18T17:21:20+00:00\",\"breadcrumb\":{\"@id\":\"https:\/\/www.dev.madeca.fr\/index.php\/candidatures-spontanees\/#breadcrumb\"},\"inLanguage\":\"fr-FR\",\"potentialAction\":[{\"@type\":\"ReadAction\",\"target\":[\"https:\/\/www.dev.madeca.fr\/index.php\/candidatures-spontanees\/\"]}]},{\"@type\":\"BreadcrumbList\",\"@id\":\"https:\/\/www.dev.madeca.fr\/index.php\/candidatures-spontanees\/#breadcrumb\",\"itemListElement\":[{\"@type\":\"ListItem\",\"position\":1,\"name\":\"Accueil\",\"item\":\"http:\/\/www.dev.madeca.fr\/\"},{\"@type\":\"ListItem\",\"position\":2,\"name\":\"Rejoignez la Madequipe\"}]},{\"@type\":\"WebSite\",\"@id\":\"http:\/\/www.dev.madeca.fr\/#website\",\"url\":\"http:\/\/www.dev.madeca.fr\/\",\"name\":\"Madeca\",\"description\":\"\",\"publisher\":{\"@id\":\"http:\/\/www.dev.madeca.fr\/#organization\"},\"potentialAction\":[{\"@type\":\"SearchAction\",\"target\":{\"@type\":\"EntryPoint\",\"urlTemplate\":\"http:\/\/www.dev.madeca.fr\/?s={search_term_string}\"},\"query-input\":\"required name=search_term_string\"}],\"inLanguage\":\"fr-FR\"},{\"@type\":\"Organization\",\"@id\":\"http:\/\/www.dev.madeca.fr\/#organization\",\"name\":\"Madeca\",\"url\":\"http:\/\/www.dev.madeca.fr\/\",\"logo\":{\"@type\":\"ImageObject\",\"inLanguage\":\"fr-FR\",\"@id\":\"http:\/\/www.dev.madeca.fr\/#\/schema\/logo\/image\/\",\"url\":\"http:\/\/madeca.fr\/wp-content\/uploads\/2023\/01\/madeca_logo_jpg_preview_high_res_a1-1-scaled.jpg\",\"contentUrl\":\"http:\/\/madeca.fr\/wp-content\/uploads\/2023\/01\/madeca_logo_jpg_preview_high_res_a1-1-scaled.jpg\",\"width\":2560,\"height\":1792,\"caption\":\"Madeca\"},\"image\":{\"@id\":\"http:\/\/www.dev.madeca.fr\/#\/schema\/logo\/image\/\"},\"sameAs\":[\"https:\/\/www.linkedin.com\/company\/madeca-conseil\/\"]}]}<\/script>\n<!-- \/ Yoast SEO plugin. -->","yoast_head_json":{"title":"Rejoignez la Madequipe - Madeca","robots":{"index":"index","follow":"follow","max-snippet":"max-snippet:-1","max-image-preview":"max-image-preview:large","max-video-preview":"max-video-preview:-1"},"canonical":"https:\/\/www.dev.madeca.fr\/index.php\/candidatures-spontanees\/","og_locale":"fr_FR","og_type":"article","og_title":"Rejoignez la Madequipe - Madeca","og_description":"Candidature libre ou envoyez-nous votre CV \u00e0 recrutement@madeca.fr Vos qualit\u00e9s humaines sont aussi importantes que vos comp\u00e9tences techniques pour nous. Nous souhaitons vous accompagner dans la d\u00e9couverte de nouveaux m\u00e9tiers, afin de faire \u00e9voluer vos carri\u00e8res ensemble.Nous sommes continuellement \u00e0 la recherche de nouveaux talents pour rejoindre l&rsquo;\u00e9quipe Madeca, alors n&rsquo;h\u00e9sitez plus, postulez !","og_url":"https:\/\/www.dev.madeca.fr\/index.php\/candidatures-spontanees\/","og_site_name":"Madeca","article_modified_time":"2023-01-18T17:21:20+00:00","og_image":[{"url":"http:\/\/madeca.fr\/wp-content\/uploads\/2023\/01\/friendship-gc163b9204_1920.jpg"}],"twitter_card":"summary_large_image","schema":{"@context":"https:\/\/schema.org","@graph":[{"@type":"WebPage","@id":"https:\/\/www.dev.madeca.fr\/index.php\/candidatures-spontanees\/","url":"https:\/\/www.dev.madeca.fr\/index.php\/candidatures-spontanees\/","name":"Rejoignez la Madequipe - Madeca","isPartOf":{"@id":"http:\/\/www.dev.madeca.fr\/#website"},"datePublished":"2023-01-13T14:16:41+00:00","dateModified":"2023-01-18T17:21:20+00:00","breadcrumb":{"@id":"https:\/\/www.dev.madeca.fr\/index.php\/candidatures-spontanees\/#breadcrumb"},"inLanguage":"fr-FR","potentialAction":[{"@type":"ReadAction","target":["https:\/\/www.dev.madeca.fr\/index.php\/candidatures-spontanees\/"]}]},{"@type":"BreadcrumbList","@id":"https:\/\/www.dev.madeca.fr\/index.php\/candidatures-spontanees\/#breadcrumb","itemListElement":[{"@type":"ListItem","position":1,"name":"Accueil","item":"http:\/\/www.dev.madeca.fr\/"},{"@type":"ListItem","position":2,"name":"Rejoignez la Madequipe"}]},{"@type":"WebSite","@id":"http:\/\/www.dev.madeca.fr\/#website","url":"http:\/\/www.dev.madeca.fr\/","name":"Madeca","description":"","publisher":{"@id":"http:\/\/www.dev.madeca.fr\/#organization"},"potentialAction":[{"@type":"SearchAction","target":{"@type":"EntryPoint","urlTemplate":"http:\/\/www.dev.madeca.fr\/?s={search_term_string}"},"query-input":"required name=search_term_string"}],"inLanguage":"fr-FR"},{"@type":"Organization","@id":"http:\/\/www.dev.madeca.fr\/#organization","name":"Madeca","url":"http:\/\/www.dev.madeca.fr\/","logo":{"@type":"ImageObject","inLanguage":"fr-FR","@id":"http:\/\/www.dev.madeca.fr\/#\/schema\/logo\/image\/","url":"http:\/\/madeca.fr\/wp-content\/uploads\/2023\/01\/madeca_logo_jpg_preview_high_res_a1-1-scaled.jpg","contentUrl":"http:\/\/madeca.fr\/wp-content\/uploads\/2023\/01\/madeca_logo_jpg_preview_high_res_a1-1-scaled.jpg","width":2560,"height":1792,"caption":"Madeca"},"image":{"@id":"http:\/\/www.dev.madeca.fr\/#\/schema\/logo\/image\/"},"sameAs":["https:\/\/www.linkedin.com\/company\/madeca-conseil\/"]}]}},"_links":{"self":[{"href":"https:\/\/www.dev.madeca.fr\/index.php\/wp-json\/wp\/v2\/pages\/450","targetHints":{"allow":["GET"]}}],"collection":[{"href":"https:\/\/www.dev.madeca.fr\/index.php\/wp-json\/wp\/v2\/pages"}],"about":[{"href":"https:\/\/www.dev.madeca.fr\/index.php\/wp-json\/wp\/v2\/types\/page"}],"author":[{"embeddable":true,"href":"https:\/\/www.dev.madeca.fr\/index.php\/wp-json\/wp\/v2\/users\/1"}],"replies":[{"embeddable":true,"href":"https:\/\/www.dev.madeca.fr\/index.php\/wp-json\/wp\/v2\/comments?post=450"}],"version-history":[{"count":20,"href":"https:\/\/www.dev.madeca.fr\/index.php\/wp-json\/wp\/v2\/pages\/450\/revisions"}],"predecessor-version":[{"id":877,"href":"https:\/\/www.dev.madeca.fr\/index.php\/wp-json\/wp\/v2\/pages\/450\/revisions\/877"}],"wp:attachment":[{"href":"https:\/\/www.dev.madeca.fr\/index.php\/wp-json\/wp\/v2\/media?parent=450"}],"curies":[{"name":"wp","href":"https:\/\/api.w.org\/{rel}","templated":true}]}}